
What is the remainder when 5620078 is divided by 5?
3
What is the remainder when 57382 is divided by 2375?
382
Calculate the remainder when 305034117 is divided by 791.
787
Calculate the remainder when 358658 is divided by 70.
48
What is the remainder when 36810887 is divided by 248?
247
Calculate the remainder when 1004584 is divided by 143438.
518
Calculate the remainder when 306592 is divided by 2368.
1120
Calculate the remainder when 7991565 is divided by 30619.
6
What is the remainder when 3736940 is divided by 5424?
5228
What is the remainder when 2998697 is divided by 1387?
3
What is the remainder when 55830 is divided by 674?
562
What is the remainder when 41461500 is divided by 363?
3
Calculate the remainder when 251382 is divided by 9310.
12
Calculate the remainder when 965176 is divided by 135.
61
Calculate the remainder when 2923301 is divided by 16.
5
What is the remainder when 65473 is divided by 150?
73
What is the remainder when 6483567 is divided by 61?
60
Calculate the remainder when 151565 is divided by 13519.
2856
What is the remainder when 2315154 is divided by 436?
430
What is the remainder when 10068 is divided by 72?
60
Calculate the remainder when 1998461 is divided by 3393.
3377
What is the remainder when 128448814 is divided by 64224401?
12
What is the remainder when 309715 is divided by 22122?
7
Calculate the remainder when 276361240 is divided by 613.
611
What is the remainder when 149038208 is divided by 4139950?
8
Calculate the remainder when 12681976 is divided by 206.
204
What is the remainder when 767779 is divided by 854?
33
Calculate the remainder when 2016742274 is divided by 4078.
4076
What is the remainder when 37480 is divided by 253?
36
What is the remainder when 41923 is divided by 3791?
222
Calculate the remainder when 14885138 is divided by 2435.
2418
Calculate the remainder when 69228 is divided by 1244.
808
What is the remainder when 430881 is divided by 35796?
1329
What is the remainder when 202550 is divided by 654?
464
What is the remainder when 967644 is divided by 7741?
19
What is the remainder when 4087898 is divided by 1021974?
2
What is the remainder when 14931 is divided by 330?
81
What is the remainder when 65379640 is divided by 28?
4
Calculate the remainder when 510555 is divided by 108.
39
What is the remainder when 204415665 is divided by 4008150?
15
Calculate the remainder when 4218027 is divided by 199.
23
Calculate the remainder when 618880 is divided by 3798.
3604
What is the remainder when 5575826 is divided by 35290?
6
What is the remainder when 541305 is divided by 680?
25
What is the remainder when 629155 is divided by 1219?
151
Calculate the remainder when 285852776 is divided by 95284257.
5
Calculate the remainder when 729428 is divided by 9568.
2260
What is the remainder when 189329 is divided by 9410?
1129
What is the remainder when 76104 is divided by 84?
0
Calculate the remainder when 1542180 is divided by 14276.
372
What is the remainder when 29753 is divided by 860?
513
Calculate the remainder when 1825757 is divided by 140441.
24
Calculate the remainder when 12168457 is divided by 15681.
1
Calculate the remainder when 30411 is divided by 1155.
381
Calculate the remainder when 48769835 is divided by 47.
3
Calculate the remainder when 395164 is divided by 26.
16
What is the remainder when 160013 is divided by 221?
9
Calculate the remainder when 11917474 is divided by 3972491.
1
What is the remainder when 9737151 is divided by 1622857?
9
What is the remainder when 6985939 is divided by 56?
51
Calculate the remainder when 24769750 is divided by 539.
5
What is the remainder when 118510 is divided by 58442?
1626
What is the remainder when 6368714 is divided by 40?
34
Calculate the remainder when 65084 is divided by 6744.
4388
Calculate the remainder when 542268 is divided by 27086.
548
Calculate the remainder when 3960131 is divided by 1138.
1029
What is the remainder when 5927153 is divided by 70?
43
Calculate the remainder when 19669 is divided by 3775.
794
Calculate the remainder when 50211 is divided by 25088.
35
What is the remainder when 23054 is divided by 4359?
1259
Calculate the remainder when 4485875 is divided by 747642.
23
What is the remainder when 2164349 is divided by 21013?
10
What is the remainder when 68850598 is divided by 507?
505
Calculate the remainder when 2929 is divided by 397.
150
What is the remainder when 7651444 is divided by 283379?
211
Calculate the remainder when 1516500 is divided by 23.
18
Calculate the remainder when 11095191 is divided by 142246.
3
Calculate the remainder when 16288345 is divided by 3257667.
10
What is the remainder when 153832344 is divided by 17?
7
What is the remainder when 3255501 is divided by 105016?
5
What is the remainder when 42324 is divided by 586?
132
Calculate the remainder when 16400937 is divided by 28.
21
What is the remainder when 592128 is divided by 120?
48
Calculate the remainder when 18850292 is divided by 593.
8
Calculate the remainder when 7757285 is divided by 129.
128
Calculate the remainder when 2615952 is divided by 1170.
1002
Calculate the remainder when 84685 is divided by 14102.
73
What is the remainder when 61034335 is divided by 6002?
5999
Calculate the remainder when 2009724 is divided by 15950.
24
What is the remainder when 33903 is divided by 16753?
397
Calculate the remainder when 46799290 is divided by 320543.
12
What is the remainder when 15222673 is divided by 34?
23
Calculate the remainder when 77546276 is divided by 501.
494
Calculate the remainder when 871950 is divided by 1216.
78
Calculate the remainder when 4327678 is divided by 448.
446
Calculate the remainder when 168636 is divided by 9907.
217
What is the remainder when 18255381 is divided by 116?
113
What is the remainder when 2168737 is divided by 433738?
47
What is the remainder when 3926067 is divided by 655?
652
What is the remainder when 1047210 is divided by 1531?
6
Calculate the remainder when 7621348 is divided by 22027.
6
What is the remainder when 1516268 is divided by 126355?
8
Calculate the remainder when 8859957 is divided by 18.
15
What is the remainder when 204599027 is divided by 13?
9
Calculate the remainder when 32254 is divided by 3251.
2995
Calculate the remainder when 1762188 is divided by 563.
561
Calculate the remainder when 514722 is divided by 102785.
797
What is the remainder when 55783 is divided by 50860?
4923
What is the remainder when 69479 is divided by 3858?
35
Calculate the remainder when 129121 is divided by 1731.
1027
Calculate the remainder when 151692 is divided by 368.
76
Calculate the remainder when 8245387 is divided by 38.
33
Calculate the remainder when 80516866 is divided by 1437801.
10
What is the remainder when 53355111 is divided by 1098?
1095
Calculate the remainder when 26843543 is divided by 960.
23
What is the remainder when 1955167 is divided by 486?
475
What is the remainder when 21763916 is divided by 80?
76
Calculate the remainder when 121296 is divided by 24191.
341
What is the remainder when 8162331 is divided by 4081163?
5
What is the remainder when 31611523 is divided by 1582?
1581
What is the remainder when 12767489 is divided by 4255821?
26
Calculate the remainder when 211792900 is divided by 95017.
7
Calculate the remainder when 2041311 is divided by 52.
51
What is the remainder when 421763 is divided by 1419?
320
Calculate the remainder when 192896071 is divided by 51.
46
What is the remainder when 35874 is divided by 6465?
3549
What is the remainder when 298607290 is divided by 74651822?
2
What is the remainder when 511581 is divided by 39?
18
Calculate the remainder when 9217 is divided by 1176.
985
Calculate the remainder when 5441161 is divided by 519.
484
Calculate the remainder when 3321031 is divided by 20500.
31
Calculate the remainder when 3950 is divided by 22.
12
What is the remainder when 22713 is divided by 4541?
8
What is the remainder when 4368624 is divided by 700?
624
What is the remainder when 2629738 is divided by 10691?
10443
Calculate the remainder when 48097 is divided by 197.
29
What is the remainder when 14545434 is divided by 481?
475
What is the remainder when 6202431 is divided by 1047?
3
What is the remainder when 10095512 is div